849 + -2216. What are the prime factors of q?
3, 211
What are the prime factors of (-1)/((-11)/154)*(-24006)/(-12)?
7, 4001
Suppose -2*a - 1 = 3, -77606 = -3*j - 5*a. What are the prime factors of (-2)/(-13) + (7 - j/(-156))?
173
Let n(p) = -18*p - 2. Let j(g) = -g**2 + 2*g - 5. Let v be j(2). Let h be n(v). Suppose 0 = -40*s + 39*s + h. List the prime factors of s.
2, 11
Suppose 13 = 7*p - 1. Let m be (p + -3)/((-3)/1572). Suppose 21*d + m = 25*d. List the prime factors of d.
131
Let v(h) = -19 + 28 + 148*h + 8 - 141*h + 22. Let g be 6/18 - (-20)/3. List the prime factors of v(g).
2, 11
Let x be 1*(-102 + -1) - 182/(-26). Suppose o + 5*m = 54, 2*o + 4*m + 66 = 4*o. Let n = o - x. What are the prime factors of n?
3, 5
List the prime factors of (-47 + 41)/((-6)/10964).
2, 2741
Let j be (-9)/6*((-4)/(-4) + -3). List the prime factors of j - (-1 - -1 - 393).
2, 3, 11
Let m be -245 + (1/(-5) - (-16)/5). Let z = 1324 + m. What are the prime factors of z?
2, 541
Let y(l) = -l**3 + 17*l**2 + 19*l - 14. Let d be y(18). Let x(s) = 11*s + 4*s - 15 - d*s + 11. List the prime factors of x(2).
2, 3
Let f = -135 - -308. Let s = f + -12. Let y = s - -82. List the prime factors of y.
3
Suppose 0 = -4*h + h + 15, 334 = -3*r - 4*h. What are the prime factors of (-1)/(1/r*(10 + -9))?
2, 59
Let o = -68 - -138. Suppose -u + o = -140. Suppose 0 = 7*h - 4*h - u. List the prime factors of h.
2, 5, 7
Let p be (6 - (3 + 1)) + 4 + 1144. Suppose -3170 - p = -6*v. List the prime factors of v.
2, 3, 5
Suppose -20 = -9*w + 4*w. Let g(v) = 7*v**2 - 12 + 10090*v - 10091*v + 23. What are the prime factors of g(w)?
7, 17
Let k be 6/(-10) + (-6358)/(-55). Suppose -5*r + 2*r + 265 = -s, r = -5*s + k. Suppose -5*a = a - r. What are the prime factors of a?
3, 5
Suppose 0 = 2*c - 665 - 3. Suppose -c + 994 = 2*z. Let b = 485 - z. List the prime factors of b.
5, 31
Suppose -10 = -17*y - 180. What are the prime factors of (2312/y)/((-22)/55)?
2, 17
Let q(k) = 351*k**2. Let d be q(-1). Let p = 427 - 424. Suppose -5*y = p*l - d, 3*y - 67 = 2*y + l. What are the prime factors of y?
3, 23
Suppose -78752 = -18*f + 8*f + 67308. What are the prime factors of f?
2, 67, 109
Let v(a) = -2*a**3 + 36*a**2 + 30. Let q be v(18). List the prime factors of (-7845)/(-20)*40/q.
523
Suppose -5*m = -10*m + 15. Let n(z) = -2*z**m - z - 76 + 77 - 5*z**3. What are the prime factors of n(-2)?
59
Let y(b) = 288*b**2 + 19*b - 10. What are the prime factors of y(-4)?
2, 7, 17, 19
Let l(m) be the first derivative of -m**4/2 + m**3 - 2*m + 3. Let q be l(-1). Suppose -k = 5*h - 3*k - 37, -3*k + 18 = q*h. What are the prime factors of h?
7
Suppose -12*y + 16*y - 48 = 0. Let c(z) = -z**2 + 19*z - 24. Let f be c(y). Let h = f - -14. List the prime factors of h.
2, 37
Let n be 4*(1 + ((-396)/(-16) - 3)). Let i = n - -517. What are the prime factors of i?
2, 19
Suppose -2*p - 2426*j + 104684 = -2425*j, j + 104696 = 2*p. List the prime factors of p.
5, 19, 29
Suppose 112*i = 116*i - 252. Suppose 4*b - 4*w - 1988 = 0, -4*w + i + 1414 = 3*b. List the prime factors of b.
3, 5, 11
Let c(v) = 17*v**2 - 5*v + 24. Suppose 34*n - 194 = 10. List the prime factors of c(n).
2, 3, 101
Suppose 0 = -f, 3*o = f + 195 + 141. Suppose 105*m - o*m = -21. List the prime factors of m.
3
Let w(c) = c**3 - 9*c - 2. Let d be w(4). Suppose -2*q + d = -2*s + 626, q = -2*s + 600. Let y = s + -112. What are the prime factors of y?
2, 47
Let j(c) = -c + 3. Suppose -3*h - 25 - 110 = -4*k, 15 = -3*h. Suppose -5*v - 4*r - k = 0, -3*v + 5*r + 29 = -5*v. What are the prime factors of j(v)?
5
Let h(o) = o**2 - 23*o - 59. Let u(j) = -9*j - 44. Let v be u(-9). What are the prime factors of h(v)?
3, 17
Suppose -2*v = 71*a - 70*a - 2932, 5*v + 2967 = a. List the prime factors of a.
2, 1471
Let x = -69 + 71. Suppose 0*n - 4*a - 988 = -4*n, 5*n - 3*a = 1229. Suppose -n = x*v - 6*v. List the prime factors of v.
61
Suppose -10*o = -9*o + 15. Let c(w) = -w**3 - 17*w**2 - 31*w - 10. Let q be c(o). Suppose 3*y + q*x = 43, -y + 15 + 3 = -2*x. List the prime factors of y.
2
Let d(f) = -f**2 + 2*f + 11. Let w be d(-3). Let t be (-24)/(-5 + -1) + w/2. Suppose 4*m - 316 = 4*x, -2*m + 7*m = -t*x + 402. List the prime factors of m.
2, 5
Suppose 0 = 2*k - 17476 - 27636. What are the prime factors of k?
2, 5639
Suppose 52912 = 14*n - 10*n - w, 0 = 3*n - 3*w - 39693. List the prime factors of n.
3, 4409
List the prime factors of (-7)/(-3) - 56425762/(-1878).
2, 3, 313
Suppose -2*r = -3*k + 238, 5*r - 166 = 4*k - 761. What are the prime factors of (-24)/(0 - (-14)/r)?
2, 3, 17
Let k be 8568/(-5)*(-90)/27. Suppose 24*x - 7*x = k. List the prime factors of x.
2, 3, 7
Suppose 0 = 2*v, 5*u - 4*v - 398 + 48 = 0. Suppose -74*m + u*m + 1280 = 0. What are the prime factors of m?
2, 5
Suppose 29*m - 13*m + 576 = 0. Let h = 47 - m. List the prime factors of h.
83
Let r(i) = -54*i + 2762 - 1411 - 1388. List the prime factors of r(-9).
449
Suppose -89*g = -37*g + 98*g - 1588050. What are the prime factors of g?
3, 3529
Suppose -4*n - 1 - 1 = -2*h, -h + n + 2 = 0. Suppose t - 372 = u, 5*u - h*u - t = -746. Let o = u + 543. List the prime factors of o.
13
Let y be 604 + 3 + 1 + -10. Let k = y + 99. What are the prime factors of k?
17, 41
Let k(u) = 6*u - 66. Let r be k(-9). Let s = r + 724. List the prime factors of s.
2, 151
Suppose -12 = -2*y + 3*b, -y + 4 = 5*b + 11. Suppose -y*q + 64 + 113 = 0. List the prime factors of q.
59
Let q = 5361 + -2257. List the prime factors of q.
2, 97
Suppose -12 + 26 = 7*b. Let n be (-4 + b)/2 + 3. List the prime factors of 64/(-6)*(n - (-10)/(-2)).
2
Suppose 3*b = -f - 4415, -4*b + 3*f - 718 = 5147. List the prime factors of ((-4)/(-6))/(1 + b/1476).
2, 41
Let z = 36 + -32. Suppose 0 = z*p - p + 2*h + 1, 16 = 2*p - 2*h. What are the prime factors of p*(-1 - 284/(-12))?
2, 17
Let i = 24814 + -11787. What are the prime factors of i?
7, 1861
Let o(t) = -t**3 - 31*t**2 - 31*t - 26. Let a be o(-30). Let k(l) = 329*l + 26. List the prime factors of k(a).
2, 11, 61
Let p(r) = 14*r + 8. Let z(c) = -c**3 + 4*c**2 + 6*c + 7. Let h be z(4). Let b = h - 25. What are the prime factors of p(b)?
2, 23
Let w(s) = -23*s**3 + 4*s**2 - 27*s + 8. What are the prime factors of w(-7)?
2, 41, 101
Let i(h) = 167*h + 3854. List the prime factors of i(95).
3, 7, 313
What are the prime factors of (-15)/(-10)*(-1126342)/(-129)?
7, 1871
Suppose 15*q = -5385 - 1770. Let x = q + 1070. List the prime factors of x.
593
Let w(l) = 4*l**3 - 11*l**2 + 10*l + 21. Let y(d) = 5*d**3 - 11*d**2 + 10*d + 22. Let f(s) = -3*w(s) + 4*y(s). What are the prime factors of f(6)?
13, 109
Let j be ((-44)/(-10))/((-16)/(-440)). Suppose 7*h + 30 - j = 0. Suppose -k - 4*y = 10, 5*k - 2*y = h + 25. List the prime factors of k.
2, 3
Let o = 103873 + -73576. What are the prime factors of o?
3, 10099
Let v(c) = -688*c - 12165. List the prime factors of v(-45).
3, 5, 7, 179
Suppose 66 = 3*k - 3*a, 2*a = 3*k - 0*a - 70. Let f be (-4)/k + 140/65. Suppose -x - 2*l + 55 = -38, 4*x - 322 = f*l. What are the prime factors of x?
83
Let t(u) = -17 - 5*u**2 - u + 48 - 18 - 16 - u**3. Let h be t(-5). Let o(m) = 30*m + 16. List the prime factors of o(h).
2, 19
Suppose g - 3*g = -4*h + 2494, -4*h = -5*g - 2479. Let m = -238 + h. What are the prime factors of m?
2, 97
Let l(j) = 2379*j + 5701. What are the prime factors of l(5)?
2, 53, 83
Suppose 164*p - 159*p - 55845 = 0. What are the prime factors of p?
3, 17, 73
Let q(z) = 3*z**2 + 5*z - 182. Let u(c) = 6*c - 182 + 3*c**2 + c**2 + 0*c**2. Let x(t) = -5*q(t) + 4*u(t). What are the prime factors of x(0)?
2, 7, 13
Let h = -3418 - -8680. What are the prime factors of h?
2, 3, 877
Suppose 135*j = 131*j + 44. Let d(f) = 3*f**2 + 8*f - 22. List the prime factors of d(j).
3, 11, 13
Let d = -492 - -273. Let h(c) = 66*c**3 - 11*c**2 - 9*c + 16. Let j be h(2). Let y = j + d. What are the prime factors of y?
263
Let r(q) = q**3 + 9*q**2 + 11*q + 2. Let u be r(-6). Let f = u - -60. List the prime factors of f.
2, 13
Let w(r) = -2*r**3 - 134*r**2 + 159*r + 111. What are the prime factors of w(-72)?
3, 23, 587
List the prime factors of 25/(300/(-243))*-1296.
2, 3
Let q = -12645 - -16210. List the prime factors of q.
5, 23, 31
Let r = 30206 + -20080. List the prime factors of r.
2, 